{"id":1144,"date":"2019-06-09T15:14:59","date_gmt":"2019-06-09T18:14:59","guid":{"rendered":"http:\/\/razaoconsultoriaambiental.com.br\/atualizacao\/?page_id=1144"},"modified":"2022-08-31T10:45:05","modified_gmt":"2022-08-31T13:45:05","slug":"servicos","status":"publish","type":"page","link":"https:\/\/razaoconsultoriaambiental.com.br\/?page_id=1144","title":{"rendered":"SERVI\u00c7OS"},"content":{"rendered":"<section class=\"l-section wpb_row height_medium color_custom with_img with_overlay\" style=\" color: #ffffff;\"><div class=\"l-section-img\" style=\"background-image: url(https:\/\/razaoconsultoriaambiental.com.br\/wp-content\/uploads\/2019\/09\/razao.achground-3.2.png);\" data-img-width=\"1000\" data-img-height=\"670\"><\/div><div class=\"l-section-overlay\" style=\"background: rgba(0,0,0,0.56)\"><\/div><div class=\"l-section-h i-cf\"><div class=\"g-cols vc_row type_default valign_top\"><div class=\"vc_col-sm-12 wpb_column vc_column_container\"><div class=\"vc_column-inner\"><div class=\"wpb_wrapper\">\r\n\t<div class=\"wpb_text_column \">\r\n\t\t<div class=\"wpb_wrapper\">\r\n\t\t\t<h2 style=\"text-align: center;\"><b>CONHE\u00c7A OS NOSSOS SERVI\u00c7OS<\/b><\/h2>\n\r\n\t\t<\/div>\r\n\t<\/div>\r\n<\/div><\/div><\/div><\/div><\/div><\/section><section class=\"l-section wpb_row height_medium color_custom\" id=\"projects\" style=\"background: #f2f3f5;\"><div class=\"l-section-h i-cf\"><div class=\"g-cols vc_row type_default valign_middle\"><div class=\"vc_col-sm-12 wpb_column vc_column_container animate_fade\"><div class=\"vc_column-inner\"><div class=\"wpb_wrapper\"><div class=\"g-cols wpb_row  type_default valign_top vc_inner \"><div class=\"vc_col-sm-6 wpb_column vc_column_container\"><div class=\"vc_column-inner\"><div class=\"wpb_wrapper\">\r\n\t<div class=\"wpb_text_column \">\r\n\t\t<div class=\"wpb_wrapper\">\r\n\t\t\t<p>\ud83c\udf33 Consultoria Ambiental e Miner\u00e1ria.<br \/>\n\ud83c\udf33 Estudos e Diagn\u00f3sticos do Meio Bi\u00f3tico, Meio F\u00edsico e Socioecon\u00f4mico.<br \/>\n\ud83c\udf33 Avalia\u00e7\u00e3o da Viabilidade do Empreendimento e Impacto Ambiental.<br \/>\n\ud83c\udf33 Diagn\u00f3stico de Patrim\u00f4nio Cultural, Arqueologia e Espeleologia.<br \/>\n\ud83c\udf33 Estudos e Relat\u00f3rio de Impacto Ambiental (EIA-RIMA).<br \/>\n\ud83c\udf33 Relat\u00f3rio e Plano de Controle Ambiental (RCA- PCA).<br \/>\n\ud83c\udf33 Relat\u00f3rio de Avalia\u00e7\u00e3o de Desempenho Ambiental (RADA).<br \/>\n\ud83c\udf33 Relat\u00f3rio de Impacto na Circula\u00e7\u00e3o (RIC).<br \/>\n\ud83c\udf33 Estudo de Impacto na Vizinhan\u00e7a (EIV).<br \/>\n\ud83c\udf33 Relat\u00f3rio de Impacto Urbano (RIU).<br \/>\n\ud83c\udf33 Execu\u00e7\u00e3o de Vistorias, Laudos e Per\u00edcias Ambientais.<br \/>\n\ud83c\udf33 Coordena\u00e7\u00e3o e implanta\u00e7\u00e3o de Sistema de Gest\u00e3o Integrada (SGI).<br \/>\n\ud83c\udf33 Elabora\u00e7\u00e3o e coordena\u00e7\u00e3o de Plano Ambiental de Conserva\u00e7\u00e3o e Uso do Entorno de Reservat\u00f3rio Artificial (PACUERA).<br \/>\n\ud83c\udf33 Elabora\u00e7\u00e3o de Plano Diretor.<\/p>\n\r\n\t\t<\/div>\r\n\t<\/div>\r\n<\/div><\/div><\/div><div class=\"vc_col-sm-6 wpb_column vc_column_container\"><div class=\"vc_column-inner\"><div class=\"wpb_wrapper\">\r\n\t<div class=\"wpb_text_column \">\r\n\t\t<div class=\"wpb_wrapper\">\r\n\t\t\t<p>\ud83c\udf33 Outorga do Uso da \u00c1gua, prospec\u00e7\u00e3o e estudos Geol\u00f3gicos e Hidrol\u00f3gicos.<br \/>\n\ud83c\udf33 Programa de Gerenciamento de Res\u00edduos (PGRSS, PGRSE, DTRS).<br \/>\n\ud83c\udf33 Projeto T\u00e9cnico dos Sistemas de Efluentes L\u00edquidos (PRECEND).<br \/>\n\ud83c\udf33 Programas de Monitoramento, Manejo e Resgate de Flora e Fauna.<br \/>\n\ud83c\udf33 Programa de Reabilita\u00e7\u00e3o de \u00c1reas Degradadas (PRAD).<br \/>\n\ud83c\udf33 Plano de Utiliza\u00e7\u00e3o Pretendida (PUP) e de Recupera\u00e7\u00e3o da Flora (PTRF).<br \/>\n\ud83c\udf33 Averba\u00e7\u00e3o de Reserva Legal e Cadastro Ambiental Rural (CAR).<br \/>\n\ud83c\udf33 Estudos e Monitoramento da Qualidade da \u00c1gua e Autodepura\u00e7\u00e3o.<br \/>\n\ud83c\udf33 Estudos e Monitoramento da Ictiofauna, Ecossistemas e Bioindicadores aqu\u00e1ticos.<br \/>\n\ud83c\udf33 Programa de Educa\u00e7\u00e3o Ambiental &#8211; PEA.<br \/>\n\ud83c\udf33 Realiza\u00e7\u00e3o de cursos e treinamentos <em>in company.<\/em><\/p>\n\r\n\t\t<\/div>\r\n\t<\/div>\r\n<\/div><\/div><\/div><\/div><\/div><\/div><\/div><\/div><\/div><\/section><section class=\"l-section wpb_row height_small color_custom\" style=\"background: #f2f3f5;\"><div class=\"l-section-h i-cf\"><div class=\"g-cols vc_row type_default valign_top\"><div class=\"vc_col-sm-12 wpb_column vc_column_container\"><div class=\"vc_column-inner\"><div class=\"wpb_wrapper\"><div class=\"w-actionbox color_primary controls_right vc_custom_1661953490680\"><div class=\"w-actionbox-text\"><h3>ENVIE-NOS UMA MENSAGEM PARA SABER MAIS<\/h3><\/div><div class=\"w-actionbox-controls\"><a class=\"w-btn us-btn-style_1\" href=\"https:\/\/razaoconsultoriaambiental.com.br\/?page_id=1207\" title=\"CONTATO\"><span class=\"w-btn-label\">CONTATO<\/span><\/a><\/div><\/div><\/div><\/div><\/div><\/div><\/div><\/section>\n","protected":false},"excerpt":{"rendered":"CONHE\u00c7A OS NOSSOS SERVI\u00c7OS \ud83c\udf33 Consultoria Ambiental e Miner\u00e1ria. \ud83c\udf33 Estudos e Diagn\u00f3sticos do Meio Bi\u00f3tico, Meio F\u00edsico e Socioecon\u00f4mico. \ud83c\udf33 Avalia\u00e7\u00e3o da Viabilidade do Empreendimento e Impacto Ambiental. \ud83c\udf33 Diagn\u00f3stico de Patrim\u00f4nio Cultural, Arqueologia e Espeleologia. \ud83c\udf33 Estudos e Relat\u00f3rio de Impacto Ambiental (EIA-RIMA). \ud83c\udf33 Relat\u00f3rio e Plano de Controle Ambiental (RCA- PCA). \ud83c\udf33...","protected":false},"author":1,"featured_media":0,"parent":0,"menu_order":0,"comment_status":"closed","ping_status":"closed","template":"","meta":[],"_links":{"self":[{"href":"https:\/\/razaoconsultoriaambiental.com.br\/index.php?rest_route=\/wp\/v2\/pages\/1144"}],"collection":[{"href":"https:\/\/razaoconsultoriaambiental.com.br\/index.php?rest_route=\/wp\/v2\/pages"}],"about":[{"href":"https:\/\/razaoconsultoriaambiental.com.br\/index.php?rest_route=\/wp\/v2\/types\/page"}],"author":[{"embeddable":true,"href":"https:\/\/razaoconsultoriaambiental.com.br\/index.php?rest_route=\/wp\/v2\/users\/1"}],"replies":[{"embeddable":true,"href":"https:\/\/razaoconsultoriaambiental.com.br\/index.php?rest_route=%2Fwp%2Fv2%2Fcomments&post=1144"}],"version-history":[{"count":19,"href":"https:\/\/razaoconsultoriaambiental.com.br\/index.php?rest_route=\/wp\/v2\/pages\/1144\/revisions"}],"predecessor-version":[{"id":1771,"href":"https:\/\/razaoconsultoriaambiental.com.br\/index.php?rest_route=\/wp\/v2\/pages\/1144\/revisions\/1771"}],"wp:attachment":[{"href":"https:\/\/razaoconsultoriaambiental.com.br\/index.php?rest_route=%2Fwp%2Fv2%2Fmedia&parent=1144"}],"curies":[{"name":"wp","href":"https:\/\/api.w.org\/{rel}","templated":true}]}}