{"id":1165,"date":"2019-06-09T16:04:56","date_gmt":"2019-06-09T19:04:56","guid":{"rendered":"http:\/\/razaoconsultoriaambiental.com.br\/atualizacao\/?page_id=1165"},"modified":"2022-08-31T11:43:53","modified_gmt":"2022-08-31T14:43:53","slug":"quem-somos","status":"publish","type":"page","link":"https:\/\/razaoconsultoriaambiental.com.br\/?page_id=1165","title":{"rendered":"QUEM SOMOS"},"content":{"rendered":"<section class=\"l-section wpb_row height_medium color_custom with_img with_overlay\" style=\"background: #f2f3f5; color: #ffffff;\"><div class=\"l-section-img\" style=\"background-image: url(https:\/\/razaoconsultoriaambiental.com.br\/wp-content\/uploads\/2019\/09\/razao.achground-3.2.png);\" data-img-width=\"1000\" data-img-height=\"670\"><\/div><div class=\"l-section-overlay\" style=\"background: rgba(10,10,10,0.56)\"><\/div><div class=\"l-section-h i-cf\"><div class=\"g-cols vc_row type_default valign_middle\"><div class=\"vc_col-sm-12 wpb_column vc_column_container\"><div class=\"vc_column-inner\"><div class=\"wpb_wrapper\">\r\n\t<div class=\"wpb_text_column \">\r\n\t\t<div class=\"wpb_wrapper\">\r\n\t\t\t<h2 style=\"text-align: center;\"><strong>NOSSA EQUIPE<\/strong><\/h2>\n\r\n\t\t<\/div>\r\n\t<\/div>\r\n<div class=\"w-separator size_small\"><\/div><\/div><\/div><\/div><\/div><\/div><\/section><section class=\"l-section wpb_row height_medium color_custom\" style=\"background: #f2f3f5;\"><div class=\"l-section-h i-cf\"><div class=\"g-cols vc_row type_default valign_top\"><div class=\"vc_col-sm-12 wpb_column vc_column_container\"><div class=\"vc_column-inner\"><div class=\"wpb_wrapper\">\r\n\t<div class=\"wpb_text_column \">\r\n\t\t<div class=\"wpb_wrapper\">\r\n\t\t\t<p style=\"text-align: justify;\">A nossa equipe multidisciplinar \u00e9 formada por profissionais especializados e experientes nas diversas \u00e1reas relacionadas ao Meio Ambiente, tais como Engenharia, Geografia, Geologia, Biologia, Ecologia, Socioeconomia e Educa\u00e7\u00e3o Ambiental. Para cada um dos nossos projetos, h\u00e1 um gestor totalmente dedicado respons\u00e1vel por atender o cliente e orientar a equipe de especialistas, buscando atender com excel\u00eancia e efici\u00eancia \u00e0s particularidades de cada empreendimento.<\/p>\n\r\n\t\t<\/div>\r\n\t<\/div>\r\n<div class=\"w-separator size_small\"><\/div><div class=\"g-cols wpb_row  type_default valign_top vc_inner \"><div class=\"vc_col-sm-3 wpb_column vc_column_container\"><div class=\"vc_column-inner\"><div class=\"wpb_wrapper\"><\/div><\/div><\/div><div class=\"vc_col-sm-3 wpb_column vc_column_container\"><div class=\"vc_column-inner\"><div class=\"wpb_wrapper\"><div class=\"w-person layout_circle with_desc with_socials\" itemscope itemtype=\"https:\/\/schema.org\/Person\"><div class=\"w-person-image\"><img width=\"270\" height=\"270\" src=\"https:\/\/razaoconsultoriaambiental.com.br\/wp-content\/uploads\/2019\/09\/felipe-razao-consultoria.png\" class=\"attachment-full size-full\" alt=\"\" loading=\"lazy\" srcset=\"https:\/\/razaoconsultoriaambiental.com.br\/wp-content\/uploads\/2019\/09\/felipe-razao-consultoria.png 270w, https:\/\/razaoconsultoriaambiental.com.br\/wp-content\/uploads\/2019\/09\/felipe-razao-consultoria-150x150.png 150w\" sizes=\"(max-width: 270px) 100vw, 270px\" \/><div class=\"w-person-links\"><div class=\"w-person-links-list\"><a class=\"w-person-links-item type_email\" href=\"mailto:felipe@razaoambiental.com.br\"><i><\/i><\/a><\/div><\/div><\/div><div class=\"w-person-content\"><h4 class=\"w-person-name\" itemprop=\"name\"><span>Felipe Cruz Figueiredo<\/span><\/h4><div class=\"w-person-role\" itemprop=\"jobTitle\">Diretor Comercial<\/div><div class=\"w-person-description\" itemprop=\"description\">Graduado em Geografia e Meio Ambiente, MBA em Administra\u00e7\u00e3o de Projetos Ambientais, P\u00f3s Graduado em Gest\u00e3o Ambiental Empresarial, P\u00f3s Graduado em Engenharia Ambiental.<\/div><\/div><\/div><\/div><\/div><\/div><div class=\"vc_col-sm-3 wpb_column vc_column_container\"><div class=\"vc_column-inner\"><div class=\"wpb_wrapper\"><div class=\"w-person layout_circle with_desc with_socials\" itemscope itemtype=\"https:\/\/schema.org\/Person\"><div class=\"w-person-image\"><img width=\"803\" height=\"720\" src=\"https:\/\/razaoconsultoriaambiental.com.br\/wp-content\/uploads\/2022\/08\/WhatsApp-Image-2022-08-22-at-15.15.39-e1661952572950.jpeg\" class=\"attachment-full size-full\" alt=\"\" loading=\"lazy\" srcset=\"https:\/\/razaoconsultoriaambiental.com.br\/wp-content\/uploads\/2022\/08\/WhatsApp-Image-2022-08-22-at-15.15.39-e1661952572950.jpeg 803w, https:\/\/razaoconsultoriaambiental.com.br\/wp-content\/uploads\/2022\/08\/WhatsApp-Image-2022-08-22-at-15.15.39-e1661952572950-300x269.jpeg 300w\" sizes=\"(max-width: 803px) 100vw, 803px\" \/><div class=\"w-person-links\"><div class=\"w-person-links-list\"><a class=\"w-person-links-item type_email\" href=\"mailto:ricardo.campelo@razaoambiental.com.br\"><i><\/i><\/a><\/div><\/div><\/div><div class=\"w-person-content\"><h4 class=\"w-person-name\" itemprop=\"name\"><span>Ricardo Campelo Fran\u00e7a<\/span><\/h4><div class=\"w-person-description\" itemprop=\"description\">Graduado em Geografia, Especialista em Gest\u00e3o e Manejo Ambiental em Sistemas Florestais (UFLA), Engenharia Ambiental Integrada (IETEC) e em Projetos Sustent\u00e1veis, Mudan\u00e7as Clim\u00e1ticas e Mercado de Carbono (UFPR).<\/div><\/div><\/div><\/div><\/div><\/div><div class=\"vc_col-sm-3 wpb_column vc_column_container\"><div class=\"vc_column-inner\"><div class=\"wpb_wrapper\"><\/div><\/div><\/div><\/div><\/div><\/div><\/div><\/div><\/div><\/section>\n","protected":false},"excerpt":{"rendered":"NOSSA EQUIPE A nossa equipe multidisciplinar \u00e9 formada por profissionais especializados e experientes nas diversas \u00e1reas relacionadas ao Meio Ambiente, tais como Engenharia, Geografia, Geologia, Biologia, Ecologia, Socioeconomia e Educa\u00e7\u00e3o Ambiental. Para cada um dos nossos projetos, h\u00e1 um gestor totalmente dedicado respons\u00e1vel por atender o cliente e orientar a equipe de especialistas, buscando atender...","protected":false},"author":1,"featured_media":0,"parent":0,"menu_order":0,"comment_status":"closed","ping_status":"closed","template":"","meta":[],"_links":{"self":[{"href":"https:\/\/razaoconsultoriaambiental.com.br\/index.php?rest_route=\/wp\/v2\/pages\/1165"}],"collection":[{"href":"https:\/\/razaoconsultoriaambiental.com.br\/index.php?rest_route=\/wp\/v2\/pages"}],"about":[{"href":"https:\/\/razaoconsultoriaambiental.com.br\/index.php?rest_route=\/wp\/v2\/types\/page"}],"author":[{"embeddable":true,"href":"https:\/\/razaoconsultoriaambiental.com.br\/index.php?rest_route=\/wp\/v2\/users\/1"}],"replies":[{"embeddable":true,"href":"https:\/\/razaoconsultoriaambiental.com.br\/index.php?rest_route=%2Fwp%2Fv2%2Fcomments&post=1165"}],"version-history":[{"count":35,"href":"https:\/\/razaoconsultoriaambiental.com.br\/index.php?rest_route=\/wp\/v2\/pages\/1165\/revisions"}],"predecessor-version":[{"id":1775,"href":"https:\/\/razaoconsultoriaambiental.com.br\/index.php?rest_route=\/wp\/v2\/pages\/1165\/revisions\/1775"}],"wp:attachment":[{"href":"https:\/\/razaoconsultoriaambiental.com.br\/index.php?rest_route=%2Fwp%2Fv2%2Fmedia&parent=1165"}],"curies":[{"name":"wp","href":"https:\/\/api.w.org\/{rel}","templated":true}]}}